{"id":112,"date":"2024-12-01T20:44:30","date_gmt":"2024-12-01T20:44:30","guid":{"rendered":"https:\/\/danzhochdrei.singtanzspiel.de\/?page_id=112"},"modified":"2025-02-05T09:09:10","modified_gmt":"2025-02-05T09:09:10","slug":"danzhochdrei-anmeldung","status":"publish","type":"page","link":"https:\/\/danzhochdrei.singtanzspiel.de\/index.php\/danzhochdrei\/danzhochdrei-anmeldung\/","title":{"rendered":"Danz\u00b3 &#8211; Anmeldung"},"content":{"rendered":"\n<p>Bitte alle Felder vollst\u00e4ndig ausf\u00fcllen und&nbsp;dann absenden. Eine Best\u00e4tigungsemail wird&nbsp;automatisch an die angegebene Emailadresse&nbsp;versandt.<\/p>\n\n\n\n<p>Nach dem Eingang der Anmeldung wird von uns eine Anmeldebest\u00e4tigung mit Rechnung versandt. Erst nach Eingang des Rechnungsbetrags innerhalb von 14 Tagen ist die Anmeldung auch seitens des Veranstalters bindend.<\/p>\n\n\n\n<div class=\"wp-block-contact-form-7-contact-form-selector\">\n<div class=\"wpcf7 no-js\" id=\"wpcf7-f109-o1\" lang=\"de-DE\" dir=\"ltr\" data-wpcf7-id=\"109\">\n<div class=\"screen-reader-response\"><p role=\"status\" aria-live=\"polite\" aria-atomic=\"true\"><\/p> <ul><\/ul><\/div>\n<form action=\"\/index.php\/wp-json\/wp\/v2\/pages\/112#wpcf7-f109-o1\" method=\"post\" class=\"wpcf7-form init\" aria-label=\"Kontaktformular\" novalidate=\"novalidate\" data-status=\"init\">\n<fieldset class=\"hidden-fields-container\"><input type=\"hidden\" name=\"_wpcf7\" value=\"109\" \/><input type=\"hidden\" name=\"_wpcf7_version\" value=\"6.1.5\" \/><input type=\"hidden\" name=\"_wpcf7_locale\" value=\"de_DE\" \/><input type=\"hidden\" name=\"_wpcf7_unit_tag\" value=\"wpcf7-f109-o1\" \/><input type=\"hidden\" name=\"_wpcf7_container_post\" value=\"0\" \/><input type=\"hidden\" name=\"_wpcf7_posted_data_hash\" value=\"\" \/>\n<\/fieldset>\n<p>Alle Felder mit * sind zwingend auszuf\u00fcllen.\n<\/p>\n<h3>Hiermit melde ich mich zu Danz\u00b3 am 24.\/25. Mai 2025 in Erpfingen an:\n<\/h3>\n<h3>Pers\u00f6nliche Daten:\n<\/h3>\n<p>Vorname*\n<\/p>\n<p><span class=\"wpcf7-form-control-wrap\" data-name=\"Vorname\"><input size=\"40\" maxlength=\"400\" class=\"wpcf7-form-control wpcf7-text wpcf7-validates-as-required\" aria-required=\"true\" aria-invalid=\"false\" value=\"\" type=\"text\" name=\"Vorname\" \/><\/span>\n<\/p>\n<p>Nachname*\n<\/p>\n<p><span class=\"wpcf7-form-control-wrap\" data-name=\"Nachname\"><input size=\"40\" maxlength=\"400\" class=\"wpcf7-form-control wpcf7-text wpcf7-validates-as-required\" aria-required=\"true\" aria-invalid=\"false\" value=\"\" type=\"text\" name=\"Nachname\" \/><\/span>\n<\/p>\n<p>E-Mail-Adresse*\n<\/p>\n<p><span class=\"wpcf7-form-control-wrap\" data-name=\"Email\"><input size=\"40\" maxlength=\"400\" class=\"wpcf7-form-control wpcf7-email wpcf7-validates-as-required wpcf7-text wpcf7-validates-as-email\" aria-required=\"true\" aria-invalid=\"false\" value=\"\" type=\"email\" name=\"Email\" \/><\/span>\n<\/p>\n<p>Stra\u00dfe \/ Hausnummer*\n<\/p>\n<p><span class=\"wpcf7-form-control-wrap\" data-name=\"Strasse\"><input size=\"40\" maxlength=\"400\" class=\"wpcf7-form-control wpcf7-text wpcf7-validates-as-required\" aria-required=\"true\" aria-invalid=\"false\" value=\"\" type=\"text\" name=\"Strasse\" \/><\/span>\n<\/p>\n<p>PLZ Ort*\n<\/p>\n<p><span class=\"wpcf7-form-control-wrap\" data-name=\"PLZ\"><input class=\"wpcf7-form-control wpcf7-number wpcf7-validates-as-required wpcf7-validates-as-number\" aria-required=\"true\" aria-invalid=\"false\" value=\"\" type=\"number\" name=\"PLZ\" \/><\/span><span class=\"wpcf7-form-control-wrap\" data-name=\"Ort\"><input size=\"40\" maxlength=\"400\" class=\"wpcf7-form-control wpcf7-text wpcf7-validates-as-required\" aria-required=\"true\" aria-invalid=\"false\" value=\"\" type=\"text\" name=\"Ort\" \/><\/span>\n<\/p>\n<p>Land*\n<\/p>\n<p><span class=\"wpcf7-form-control-wrap\" data-name=\"Land\"><input size=\"40\" maxlength=\"400\" class=\"wpcf7-form-control wpcf7-text wpcf7-validates-as-required\" aria-required=\"true\" aria-invalid=\"false\" value=\"Deutschland\" type=\"text\" name=\"Land\" \/><\/span>\n<\/p>\n<p>Geburtsdatum*\n<\/p>\n<p><span class=\"wpcf7-form-control-wrap\" data-name=\"Geburtsdatum\"><input size=\"40\" maxlength=\"400\" class=\"wpcf7-form-control wpcf7-text wpcf7-validates-as-required\" aria-required=\"true\" aria-invalid=\"false\" value=\"\" type=\"text\" name=\"Geburtsdatum\" \/><\/span>\n<\/p>\n<p>Telefon\n<\/p>\n<p><span class=\"wpcf7-form-control-wrap\" data-name=\"Telefon\"><input size=\"40\" maxlength=\"400\" class=\"wpcf7-form-control wpcf7-tel wpcf7-text wpcf7-validates-as-tel\" aria-invalid=\"false\" value=\"\" type=\"tel\" name=\"Telefon\" \/><\/span><i>(kein \"\/\" verwenden)<\/i>\n<\/p>\n<hr \/>\n<p>Ich melde mich zu folgendem Kurs an:*<br \/>\n<span class=\"wpcf7-form-control-wrap\" data-name=\"Kurs\"><select class=\"wpcf7-form-control wpcf7-select wpcf7-validates-as-required\" aria-required=\"true\" aria-invalid=\"false\" name=\"Kurs\"><option value=\"\">&#8211; Bitte ausw\u00e4hlen &#8211;<\/option><option value=\"Danz1Kurs f\u00fcr Kinder- und Jugendleiter\">Danz1Kurs f\u00fcr Kinder- und Jugendleiter<\/option><option value=\"Danz2Kurs f\u00fcr Basis und Improvisation\">Danz2Kurs f\u00fcr Basis und Improvisation<\/option><option value=\"Danz3Kurs f\u00fcr Fortgeschrittene und Tanzleiter\">Danz3Kurs f\u00fcr Fortgeschrittene und Tanzleiter<\/option><\/select><\/span>\n<\/p>\n<p>Ich tanze Volkstanz seit <span class=\"wpcf7-form-control-wrap\" data-name=\"TanzJahre\"><input class=\"wpcf7-form-control wpcf7-number wpcf7-validates-as-number\" aria-invalid=\"false\" value=\"\" type=\"number\" name=\"TanzJahre\" \/><\/span> Jahren <span class=\"wpcf7-form-control-wrap\" data-name=\"TanzRegel\"><select class=\"wpcf7-form-control wpcf7-select\" aria-invalid=\"false\" name=\"TanzRegel\"><option value=\"regelm\u00e4\u00dfig\">regelm\u00e4\u00dfig<\/option><option value=\"unregelm\u00e4\u00dfig\">unregelm\u00e4\u00dfig<\/option><\/select><\/span>.\n<\/p>\n<p><span class=\"wpcf7-form-control-wrap\" data-name=\"TanzleiterIn\"><span class=\"wpcf7-form-control wpcf7-checkbox wpcf7-exclusive-checkbox\"><span class=\"wpcf7-list-item first last\"><input type=\"checkbox\" name=\"TanzleiterIn\" value=\"Ich bin (Kinder-\/Jugend-) Tanzleiter:in\" \/><span class=\"wpcf7-list-item-label\">Ich bin (Kinder-\/Jugend-) Tanzleiter:in<\/span><\/span><\/span><\/span>\n<\/p>\n<p>Mitglied der Gruppe <span class=\"wpcf7-form-control-wrap\" data-name=\"Gruppe\"><input size=\"40\" maxlength=\"400\" class=\"wpcf7-form-control wpcf7-text\" aria-invalid=\"false\" value=\"\" type=\"text\" name=\"Gruppe\" \/><\/span>\n<\/p>\n<p>&nbsp;\n<\/p>\n<hr \/>\n<h3>Organisatorisches:\n<\/h3>\n<p>Ich entscheide mich f\u00fcr folgende Unterbringung:<br \/>\n<span class=\"wpcf7-form-control-wrap\" data-name=\"Unterkunft\"><select class=\"wpcf7-form-control wpcf7-select wpcf7-validates-as-required\" aria-required=\"true\" aria-invalid=\"false\" name=\"Unterkunft\"><option value=\"Mehrbettzimmer\">Mehrbettzimmer<\/option><option value=\"Einzelzimmer (Soweit vorhanden, Zuschlag 20\u20ac)\">Einzelzimmer (Soweit vorhanden, Zuschlag 20\u20ac)<\/option><\/select><\/span>\n<\/p>\n<p><span class=\"wpcf7-form-control-wrap\" data-name=\"Vegetarisch\"><span class=\"wpcf7-form-control wpcf7-checkbox wpcf7-exclusive-checkbox\"><span class=\"wpcf7-list-item first last\"><input type=\"checkbox\" name=\"Vegetarisch\" value=\"Ich m\u00f6chte vegetarische Verpflegung\" \/><span class=\"wpcf7-list-item-label\">Ich m\u00f6chte vegetarische Verpflegung<\/span><\/span><\/span><\/span>\n<\/p>\n<p>Allergien, Unvertr\u00e4glichkeiten, sonstige Besonderheiten: <span class=\"wpcf7-form-control-wrap\" data-name=\"Sonderverpflegung\"><input size=\"40\" maxlength=\"400\" class=\"wpcf7-form-control wpcf7-text\" aria-invalid=\"false\" value=\"\" type=\"text\" name=\"Sonderverpflegung\" \/><\/span>\n<\/p>\n<p>Ich beantrage den erm\u00e4ssigten Beitrag und bin <span class=\"wpcf7-form-control-wrap\" data-name=\"Ermaessigt\"><select class=\"wpcf7-form-control wpcf7-select\" aria-invalid=\"false\" name=\"Ermaessigt\"><option value=\"\">&#8211; Bitte ausw\u00e4hlen &#8211;<\/option><option value=\"Unter 18\">Unter 18<\/option><option value=\"Sch\u00fcler:in\">Sch\u00fcler:in<\/option><option value=\"Student:in\">Student:in<\/option><option value=\"FSJler:in\">FSJler:in<\/option><\/select><\/span>\n<\/p>\n<p>&nbsp;\n<\/p>\n<p>Kosten (Kursgeb\u00fchr inkl. Unterkunft und Verpflegung):\n<\/p>\n<p>100 \u20ac f\u00fcr Vollzahler<br \/>\n90 \u20ac f\u00fcr Jugendliche, Sch\u00fcler, Studenten, FSJler<br \/>\n10 \u20ac Rabatt f\u00fcr Mitglieder des Landesverbands bzw. seiner Mitgliedsverb\u00e4nde\n<\/p>\n<p><i>\n\t\t<font size=-1>Die Kosten f\u00fcr Unterkunft und Verpflegung werden im Namen und auf Rechnung des Deutschen Jugendherbergswerks vereinnahmt.\n\t\t<\/font><\/i>\n<\/p>\n<hr \/>\n<p>Bemerkungen\n<\/p>\n<p><span class=\"wpcf7-form-control-wrap\" data-name=\"Bemerkungen\"><textarea cols=\"40\" rows=\"10\" maxlength=\"2000\" class=\"wpcf7-form-control wpcf7-textarea\" aria-invalid=\"false\" name=\"Bemerkungen\"><\/textarea><\/span>\n<\/p>\n<hr \/>\n<p><span class=\"wpcf7-form-control-wrap\" data-name=\"Teilnehmerliste\"><span class=\"wpcf7-form-control wpcf7-checkbox wpcf7-exclusive-checkbox\"><span class=\"wpcf7-list-item first last\"><input type=\"checkbox\" name=\"Teilnehmerliste\" value=\"Ich stimme der Ver\u00f6ffentlichung von Name, Adresse, Telefonnummer und E-Mail-Adresse in einer, vorab an alle Teilnehmer versendeten Teilnehmerliste, zu.\" \/><span class=\"wpcf7-list-item-label\">Ich stimme der Ver\u00f6ffentlichung von Name, Adresse, Telefonnummer und E-Mail-Adresse in einer, vorab an alle Teilnehmer versendeten Teilnehmerliste, zu.<\/span><\/span><\/span><\/span>\n<\/p>\n<p>Auf Danz\u00b3 wurde ich aufmerksam durch (z.B. Flyer bei Tanzfest, Artikel in Zeitschrift, Empfehlung von, Facebook,...) <span class=\"wpcf7-form-control-wrap\" data-name=\"Aufmerksam\"><input size=\"40\" maxlength=\"400\" class=\"wpcf7-form-control wpcf7-text\" aria-invalid=\"false\" value=\"\" type=\"text\" name=\"Aufmerksam\" \/><\/span>\n<\/p>\n<p><span class=\"wpcf7-form-control-wrap\" data-name=\"VTNewsletter\"><span class=\"wpcf7-form-control wpcf7-checkbox\"><span class=\"wpcf7-list-item first last\"><input type=\"checkbox\" name=\"VTNewsletter[]\" value=\"Ich m\u00f6chte m\u00f6chte den Volkstanz-Newsletter &quot;Volkstanz im L\u00e4ndle&quot; der AG SingTanzSpiel abonnieren.\" \/><span class=\"wpcf7-list-item-label\">Ich m\u00f6chte m\u00f6chte den Volkstanz-Newsletter &quot;Volkstanz im L\u00e4ndle&quot; der AG SingTanzSpiel abonnieren.<\/span><\/span><\/span><\/span>\n<\/p>\n<p><br \/>\n<span class=\"wpcf7-form-control-wrap\" data-name=\"Hausordnung\"><span class=\"wpcf7-form-control wpcf7-checkbox wpcf7-validates-as-required\"><span class=\"wpcf7-list-item first last\"><input type=\"checkbox\" name=\"Hausordnung[]\" value=\"Ich erkl\u00e4re mich bereit, die Hausordnung der Jugendherberge einzuhalten und am angebotenen Programm teilzunehmen.*\" \/><span class=\"wpcf7-list-item-label\">Ich erkl\u00e4re mich bereit, die Hausordnung der Jugendherberge einzuhalten und am angebotenen Programm teilzunehmen.*<\/span><\/span><\/span><\/span>\n<\/p>\n<p><span class=\"wpcf7-form-control-wrap\" data-name=\"Aufnahmen\"><span class=\"wpcf7-form-control wpcf7-checkbox wpcf7-validates-as-required\"><span class=\"wpcf7-list-item first last\"><input type=\"checkbox\" name=\"Aufnahmen[]\" value=\"Mit Film- und Fotoaufnahmen w\u00e4hrend der Veranstaltung und deren Verwendung zu Werbezwecken erkl\u00e4re ich mich einverstanden.*\" \/><span class=\"wpcf7-list-item-label\">Mit Film- und Fotoaufnahmen w\u00e4hrend der Veranstaltung und deren Verwendung zu Werbezwecken erkl\u00e4re ich mich einverstanden.*<\/span><\/span><\/span><\/span>\n<\/p>\n<p><span class=\"wpcf7-form-control-wrap\" data-name=\"Datenschutz\"><span class=\"wpcf7-form-control wpcf7-checkbox wpcf7-validates-as-required\"><span class=\"wpcf7-list-item first last\"><input type=\"checkbox\" name=\"Datenschutz[]\" value=\"Mir ist bekannt, dass die angegebenen Daten zur Durchf\u00fchrung des Danzkurs verarbeitet werden.*\" \/><span class=\"wpcf7-list-item-label\">Mir ist bekannt, dass die angegebenen Daten zur Durchf\u00fchrung des Danzkurs verarbeitet werden.*<\/span><\/span><\/span><\/span> N\u00e4heres in unserer <a href=https:\/\/danzhochdrei.singtanzspiel.de\/index.php\/datenschutzerklaerung\/>Datenschutzerkl\u00e4rung<\/a>.\n<\/p>\n<p \/>\n<\/p>\n<p><br \/>\nSicherheitsfrage um Spam auszuschlie\u00dfen:*\n<\/p>\n<p><span class=\"wpcf7-form-control-wrap\" data-name=\"vtw-quiz\"><label><span class=\"wpcf7-quiz-label\">Welche Farbe hat eine gelbe Blume?<\/span> <input size=\"40\" class=\"wpcf7-form-control wpcf7-quiz\" autocomplete=\"off\" aria-required=\"true\" aria-invalid=\"false\" type=\"text\" name=\"vtw-quiz\" \/><\/label><input type=\"hidden\" name=\"_wpcf7_quiz_answer_vtw-quiz\" value=\"12b4d0c5cadab37a8d13ca2ed543d9af\" \/><\/span>\n<\/p>\n<p><input class=\"wpcf7-form-control wpcf7-submit has-spinner\" type=\"submit\" value=\"Anmeldung absenden\" \/>\n<\/p><p style=\"display: none !important;\" class=\"akismet-fields-container\" data-prefix=\"_wpcf7_ak_\"><label>&#916;<textarea name=\"_wpcf7_ak_hp_textarea\" cols=\"45\" rows=\"8\" maxlength=\"100\"><\/textarea><\/label><input type=\"hidden\" id=\"ak_js_1\" name=\"_wpcf7_ak_js\" value=\"118\"\/><script>document.getElementById( \"ak_js_1\" ).setAttribute( \"value\", ( new Date() ).getTime() );<\/script><\/p><div class=\"wpcf7-response-output\" aria-hidden=\"true\"><\/div>\n<\/form>\n<\/div>\n<\/div>\n\n\n\n<p>Nach dem Absenden bitte \u00fcberpr\u00fcfen, ob eine Best\u00e4tigungsemail (Absender: &#8222;Danz hoch3&#8220; &lt;anmeldung-danzhochdrei@singtanzspiel.de>) ankommt. Sollte keine Email ankommen, hat die Anmeldung h\u00f6chst wahrscheinlich nicht geklappt. Bitte in dem Fall die Anmeldung nochmals abschicken oder nachfragen unter <a href=\"mailto:anmeldung-danzhochdrei@singtanzspiel.de\" rel=\"nofollow\">anmeldung-danzhochdrei@singtanzspiel.de<\/a>.<\/p>\n","protected":false},"excerpt":{"rendered":"<p>Bitte alle Felder vollst\u00e4ndig ausf\u00fcllen und&nbsp;dann absenden. Eine Best\u00e4tigungsemail wird&nbsp;automatisch an die angegebene Emailadresse&nbsp;versandt. Nach dem Eingang der Anmeldung wird von uns eine Anmeldebest\u00e4tigung mit Rechnung versandt. Erst nach Eingang des Rechnungsbetrags innerhalb von 14 Tagen ist die Anmeldung auch seitens des Veranstalters bindend. Nach dem Absenden bitte \u00fcberpr\u00fcfen, ob eine Best\u00e4tigungsemail (Absender: &#8222;Danz hoch3&#8220; [&hellip;]<\/p>\n","protected":false},"author":2,"featured_media":0,"parent":6,"menu_order":0,"comment_status":"closed","ping_status":"closed","template":"","meta":{"footnotes":""},"class_list":["post-112","page","type-page","status-publish","hentry"],"yoast_head":"<!-- This site is optimized with the Yoast SEO plugin v27.0 - https:\/\/yoast.com\/product\/yoast-seo-wordpress\/ -->\n<title>Danz\u00b3 - Anmeldung - Danz\u00b3<\/title>\n<meta name=\"robots\" content=\"index, follow, max-snippet:-1, max-image-preview:large, max-video-preview:-1\" \/>\n<link rel=\"canonical\" href=\"https:\/\/danzhochdrei.singtanzspiel.de\/index.php\/danzhochdrei\/danzhochdrei-anmeldung\/\" \/>\n<meta property=\"og:locale\" content=\"de_DE\" \/>\n<meta property=\"og:type\" content=\"article\" \/>\n<meta property=\"og:title\" content=\"Danz\u00b3 - Anmeldung - Danz\u00b3\" \/>\n<meta property=\"og:description\" content=\"Bitte alle Felder vollst\u00e4ndig ausf\u00fcllen und&nbsp;dann absenden. Eine Best\u00e4tigungsemail wird&nbsp;automatisch an die angegebene Emailadresse&nbsp;versandt. Nach dem Eingang der Anmeldung wird von uns eine Anmeldebest\u00e4tigung mit Rechnung versandt. Erst nach Eingang des Rechnungsbetrags innerhalb von 14 Tagen ist die Anmeldung auch seitens des Veranstalters bindend. Nach dem Absenden bitte \u00fcberpr\u00fcfen, ob eine Best\u00e4tigungsemail (Absender: &#8222;Danz hoch3&#8220; [&hellip;]\" \/>\n<meta property=\"og:url\" content=\"https:\/\/danzhochdrei.singtanzspiel.de\/index.php\/danzhochdrei\/danzhochdrei-anmeldung\/\" \/>\n<meta property=\"og:site_name\" content=\"Danz\u00b3\" \/>\n<meta property=\"article:modified_time\" content=\"2025-02-05T09:09:10+00:00\" \/>\n<meta name=\"twitter:card\" content=\"summary_large_image\" \/>\n<meta name=\"twitter:label1\" content=\"Gesch\u00e4tzte Lesezeit\" \/>\n\t<meta name=\"twitter:data1\" content=\"1\u00a0Minute\" \/>\n<script type=\"application\/ld+json\" class=\"yoast-schema-graph\">{\"@context\":\"https:\/\/schema.org\",\"@graph\":[{\"@type\":\"WebPage\",\"@id\":\"https:\/\/danzhochdrei.singtanzspiel.de\/index.php\/danzhochdrei\/danzhochdrei-anmeldung\/\",\"url\":\"https:\/\/danzhochdrei.singtanzspiel.de\/index.php\/danzhochdrei\/danzhochdrei-anmeldung\/\",\"name\":\"Danz\u00b3 - Anmeldung - Danz\u00b3\",\"isPartOf\":{\"@id\":\"https:\/\/danzhochdrei.singtanzspiel.de\/#website\"},\"datePublished\":\"2024-12-01T20:44:30+00:00\",\"dateModified\":\"2025-02-05T09:09:10+00:00\",\"breadcrumb\":{\"@id\":\"https:\/\/danzhochdrei.singtanzspiel.de\/index.php\/danzhochdrei\/danzhochdrei-anmeldung\/#breadcrumb\"},\"inLanguage\":\"de\",\"potentialAction\":[{\"@type\":\"ReadAction\",\"target\":[\"https:\/\/danzhochdrei.singtanzspiel.de\/index.php\/danzhochdrei\/danzhochdrei-anmeldung\/\"]}]},{\"@type\":\"BreadcrumbList\",\"@id\":\"https:\/\/danzhochdrei.singtanzspiel.de\/index.php\/danzhochdrei\/danzhochdrei-anmeldung\/#breadcrumb\",\"itemListElement\":[{\"@type\":\"ListItem\",\"position\":1,\"name\":\"Startseite\",\"item\":\"https:\/\/danzhochdrei.singtanzspiel.de\/\"},{\"@type\":\"ListItem\",\"position\":2,\"name\":\"Danz\u00b3 &#8211; sei dabei\",\"item\":\"https:\/\/danzhochdrei.singtanzspiel.de\/\"},{\"@type\":\"ListItem\",\"position\":3,\"name\":\"Danz\u00b3 &#8211; Anmeldung\"}]},{\"@type\":\"WebSite\",\"@id\":\"https:\/\/danzhochdrei.singtanzspiel.de\/#website\",\"url\":\"https:\/\/danzhochdrei.singtanzspiel.de\/\",\"name\":\"Danz\u00b3\",\"description\":\"sei dabei\",\"potentialAction\":[{\"@type\":\"SearchAction\",\"target\":{\"@type\":\"EntryPoint\",\"urlTemplate\":\"https:\/\/danzhochdrei.singtanzspiel.de\/?s={search_term_string}\"},\"query-input\":{\"@type\":\"PropertyValueSpecification\",\"valueRequired\":true,\"valueName\":\"search_term_string\"}}],\"inLanguage\":\"de\"}]}<\/script>\n<!-- \/ Yoast SEO plugin. -->","yoast_head_json":{"title":"Danz\u00b3 - Anmeldung - Danz\u00b3","robots":{"index":"index","follow":"follow","max-snippet":"max-snippet:-1","max-image-preview":"max-image-preview:large","max-video-preview":"max-video-preview:-1"},"canonical":"https:\/\/danzhochdrei.singtanzspiel.de\/index.php\/danzhochdrei\/danzhochdrei-anmeldung\/","og_locale":"de_DE","og_type":"article","og_title":"Danz\u00b3 - Anmeldung - Danz\u00b3","og_description":"Bitte alle Felder vollst\u00e4ndig ausf\u00fcllen und&nbsp;dann absenden. Eine Best\u00e4tigungsemail wird&nbsp;automatisch an die angegebene Emailadresse&nbsp;versandt. Nach dem Eingang der Anmeldung wird von uns eine Anmeldebest\u00e4tigung mit Rechnung versandt. Erst nach Eingang des Rechnungsbetrags innerhalb von 14 Tagen ist die Anmeldung auch seitens des Veranstalters bindend. Nach dem Absenden bitte \u00fcberpr\u00fcfen, ob eine Best\u00e4tigungsemail (Absender: &#8222;Danz hoch3&#8220; [&hellip;]","og_url":"https:\/\/danzhochdrei.singtanzspiel.de\/index.php\/danzhochdrei\/danzhochdrei-anmeldung\/","og_site_name":"Danz\u00b3","article_modified_time":"2025-02-05T09:09:10+00:00","twitter_card":"summary_large_image","twitter_misc":{"Gesch\u00e4tzte Lesezeit":"1\u00a0Minute"},"schema":{"@context":"https:\/\/schema.org","@graph":[{"@type":"WebPage","@id":"https:\/\/danzhochdrei.singtanzspiel.de\/index.php\/danzhochdrei\/danzhochdrei-anmeldung\/","url":"https:\/\/danzhochdrei.singtanzspiel.de\/index.php\/danzhochdrei\/danzhochdrei-anmeldung\/","name":"Danz\u00b3 - Anmeldung - Danz\u00b3","isPartOf":{"@id":"https:\/\/danzhochdrei.singtanzspiel.de\/#website"},"datePublished":"2024-12-01T20:44:30+00:00","dateModified":"2025-02-05T09:09:10+00:00","breadcrumb":{"@id":"https:\/\/danzhochdrei.singtanzspiel.de\/index.php\/danzhochdrei\/danzhochdrei-anmeldung\/#breadcrumb"},"inLanguage":"de","potentialAction":[{"@type":"ReadAction","target":["https:\/\/danzhochdrei.singtanzspiel.de\/index.php\/danzhochdrei\/danzhochdrei-anmeldung\/"]}]},{"@type":"BreadcrumbList","@id":"https:\/\/danzhochdrei.singtanzspiel.de\/index.php\/danzhochdrei\/danzhochdrei-anmeldung\/#breadcrumb","itemListElement":[{"@type":"ListItem","position":1,"name":"Startseite","item":"https:\/\/danzhochdrei.singtanzspiel.de\/"},{"@type":"ListItem","position":2,"name":"Danz\u00b3 &#8211; sei dabei","item":"https:\/\/danzhochdrei.singtanzspiel.de\/"},{"@type":"ListItem","position":3,"name":"Danz\u00b3 &#8211; Anmeldung"}]},{"@type":"WebSite","@id":"https:\/\/danzhochdrei.singtanzspiel.de\/#website","url":"https:\/\/danzhochdrei.singtanzspiel.de\/","name":"Danz\u00b3","description":"sei dabei","potentialAction":[{"@type":"SearchAction","target":{"@type":"EntryPoint","urlTemplate":"https:\/\/danzhochdrei.singtanzspiel.de\/?s={search_term_string}"},"query-input":{"@type":"PropertyValueSpecification","valueRequired":true,"valueName":"search_term_string"}}],"inLanguage":"de"}]}},"_links":{"self":[{"href":"https:\/\/danzhochdrei.singtanzspiel.de\/index.php\/wp-json\/wp\/v2\/pages\/112","targetHints":{"allow":["GET"]}}],"collection":[{"href":"https:\/\/danzhochdrei.singtanzspiel.de\/index.php\/wp-json\/wp\/v2\/pages"}],"about":[{"href":"https:\/\/danzhochdrei.singtanzspiel.de\/index.php\/wp-json\/wp\/v2\/types\/page"}],"author":[{"embeddable":true,"href":"https:\/\/danzhochdrei.singtanzspiel.de\/index.php\/wp-json\/wp\/v2\/users\/2"}],"replies":[{"embeddable":true,"href":"https:\/\/danzhochdrei.singtanzspiel.de\/index.php\/wp-json\/wp\/v2\/comments?post=112"}],"version-history":[{"count":2,"href":"https:\/\/danzhochdrei.singtanzspiel.de\/index.php\/wp-json\/wp\/v2\/pages\/112\/revisions"}],"predecessor-version":[{"id":117,"href":"https:\/\/danzhochdrei.singtanzspiel.de\/index.php\/wp-json\/wp\/v2\/pages\/112\/revisions\/117"}],"up":[{"embeddable":true,"href":"https:\/\/danzhochdrei.singtanzspiel.de\/index.php\/wp-json\/wp\/v2\/pages\/6"}],"wp:attachment":[{"href":"https:\/\/danzhochdrei.singtanzspiel.de\/index.php\/wp-json\/wp\/v2\/media?parent=112"}],"curies":[{"name":"wp","href":"https:\/\/api.w.org\/{rel}","templated":true}]}}